 (0 - (-1 + 21 + -11)) + -9.
-18
Calculate -6 - (9 - (-11 + 15)).
-11
Calculate -1 + 10 - ((-6 - -9) + -2).
8
Calculate -344 - -350 - (21 + -1).
-14
Calculate -20 + 34 + -15 - (1 + -4) - 6.
-4
(-6 - -3) + (-31 - -24 - -21)
11
-11 - (-15 - 1) - -16
21
Calculate -11 - (-4 + -4 + -13).
10
What is the value of -2 - (-11 + (0 - (-2 + -7)))?
0
Evaluate (-26 - -21 - (1 - -3) - -1) + 12.
4
Calculate (13 - -12 - 6) + -12 + -10.
-3
Evaluate 37 + -6 - 16 - 32.
-17
(5 - 14 - (0 + -1)) + 22
14
What is (9 - (-20 + 29)) + (4 - 7)?
-3
Calculate 2 + (3 - 12) + -3 - -13.
3
What is the value of -3 + 14 - (-2 - -13)?
0
Evaluate -1 - (-10 + -3 + 3 + 6).
3
Evaluate 17 + (4 + -14 + 7 - -5).
19
What is the value of 0 - (-7 - -6 - (-1 + -3 - -3))?
0
Calculate (-1 - -4) + (11 + -5 - -2).
11
Evaluate -2 - -29 - (33 - 15).
9
Calculate (-4 + 2 - (3 + -1)) + -119 + 132.
9
Evaluate (15 - 15) + (10 - 1) + 2 + 0.
11
Evaluate 5 + -11 - (-2 - (1 - 12)).
-15
Calculate -21 + (-15 - -18) + 8.
-10
(16 - -3 - 15) + -4
0
What is 12 + (-27 - (3 - 13)) - -12?
7
Evaluate 14 + -4 + -5 + 5 + (5 - 10).
5
What is -4 + 9 + -12 + 16 + (27 - 57)?
-21
What is the value of -21 + -32 + 60 - 8?
-1
Calculate -2 - ((9 - (4 - -9)) + -13).
15
-7 + -145 + 136 + 3 + -1 + 3
-11
Evaluate 20 + -35 + 20 - (-1 + -1).
7
What is the value of 9 - (10 - 2) - -6?
7
-71 - -123 - 56 - (13 - (-2 - -3))
-16
Calculate (-1 - -7) + 1 - (11 - (-12 - 7)).
-23
What is (2 - (14 + -6)) + 16 - 16?
-6
39 + (-33 - -3 - -20)
29
Evaluate -2 - (-1 - ((6 - (5 - 4)) + 0)).
4
Calculate -13 + 1 + (-16 - (-2 - 16)).
-10
What is the value of -61 + 68 + 2 + 5?
14
Calculate 45 - (61 - 36) - -14.
34
Calculate (3 - 4 - 6) + 6 + 4 - -3.
6
What is the value of -12 + (-11 - (6 + -13)) + 36 + 12?
32
Evaluate 7 + (9 - 7 - 15).
-6
What is 3 - ((128 - 133) + -3 + 1 + 1)?
9
What is the value of 8 + 0 + (-83 - -79) - 3?
1
0 + (12 + 5 - 14)
3
What is the value of -8 - (-35 + 1 + -2 - -9)?
19
What is (34 + -82 - -39) + (-6 - 1)?
-16
Calculate (-2 + 7 - 1) + -6 - (-13 + 9).
2
What is (23 - 19) + (5 + -5 - 11)?
-7
(0 + 1 - -2) + (10 + 7 - 10)
10
What is 11 - 30 - -40 - 7?
14
What is the value of (-3 - 2) + 16 + -3 - 35?
-27
-47 + -3 + 61 - (1 + 6)
4
Evaluate -2 - (7 - (14 + -18)).
-13
Calculate (-9 - (-44 + 18)) + -10.
7
Calculate -39 - (-5 - 8 - 17).
-9
What is the value of 32 - (19 + 11) - 24?
-22
What is 1 - (-10 - (-6 + 7 - 15))?
-3
-16 + 10 + -9 + 11 - (1 + 1)
-6
Evaluate 40 + -15 + -19 - -10 - 3.
13
What is 19 + -3 + (-171 - -158 - (1 + -8))?
10
Calculate (-12 - -35) + (5 - 41).
-13
Evaluate 4 - (0 - 3) - (203 + -188).
-8
What is -6 + (7 - -5) + 3 - 20?
-11
What is the value of 10 + -13 + 8 + -4 + 0?
1
What is the value of 10 + 24 - (0 - (20 + -10 - 19))?
25
What is -2 + 1 + -4 + (-8 - -13)?
0
Calculate 104 + -118 - (-14 + 1) - (5 - 6).
0
What is (10 + -10 - -1 - 3) + 24?
22
Evaluate -16 + (15 - 15) + 9.
-7
-12 - (-1 - 0) - (-7 - (35 + -39))
-8
17 + -19 - ((-7 - -5) + 13)
-13
Evaluate (6 - -25) + -40 - (-30 + 2).
19
What is 3 + (-15 + -3 - -4)?
-11
Calculate (37 - 25) + (-6 - (-17 + 3)).
20
Evaluate -1 + 0 + -82 + 105 + (-7 - -2).
17
Calculate -14 - (-5 + 3 + -5) - 3.
-10
Evaluate 14 - ((0 - -2) + (0 + 16 - 10)).
6
Calculate (14 - 7) + (14 - 23) + (8 - -1).
7
What is the value of -96 + 84 + (0 - -14)?
2
1 + 22 + (47 - 59 - (-1 - -1))
11
Evaluate -12 + -9 + (33 - 25).
-13
What is -3 - (11 - 10 - 13)?
9
(11 - 7 - 16) + 16 + -2
2
Calculate -13 + 8 + -4 - (13 - 5).
-17
What is -7 - (-7 - ((36 - 26) + -1 + -1))?
8
Evaluate (0 - (3 - -5)) + (-1 - -23) + -10.
4
What is the value of (2 - 6 - -2) + (-7 + 19 - 1)?
9
11 - (3 - (-6 + 1 + 3))
6
2 - (-7 + (-6 - -7)) - (-8 - -11)
5
What is the value of -30 - (-21 + -1 + (-3 + 7 - -8))?
-20
What is (10 - (-4 - -9)) + 2 + -3 + -3?
1
What is -1 - (6 + (16 - 19) - (5 + -1))?
0
3 - 1 - 6 - (68 - 72)
0
What is -8 - 1 - (-19 + 10 + 4)?
-4
-55 + 53 + (5 - (0 + 2)) + 32
33
What is the value of -11 + (48 - 24) + -1?
12
Evaluate 0 - -17 - (-16 + 16 + 10).
7
What is 6 + (-3 - -2) + (4858 - 4844)?
19
What is 1 - (7 + (13 - 8))?
-11
Evaluate (-94 - -106) + -27 + 0.
-15
Calculate (-2 - -3 - (-4 - -26 - 12)) + 2.
-7
Evaluate (1 - -2) + (-71 - -81).
13
What is 21 - (41 + -23) - (-27 - 3)?
33
What is (1 - (3 + -2 + 2)) + 7?
5
Evaluate 11 + -8 - 26 - (3 - 12).
-14
What is the value of -3 + 25 + -18 + 4 + (20 - 6)?
22
What is -24 + -7 + 15 + (0 - (-1 - 4))?
-11
What is (4 - -2) + (-9 + -8 - (-6 + -4))?
-1
What is -14 - (1 - (34 - 3)) - -9?
25
3 + -5 + 3 - (19 - 14 - 1)
-3
11 + (17 - (-2 - -11 - 15)) + -10
24
What is -7 + 12 + -4 + 0 + -6?
-5
Evaluate -1 + -1 + (-7 - (1 + -12 + 2)).
0
Calculate -1 - 16 - (4 - 7 - -2).
-16
What is the value of 32 + -7 + (-5 - (12 - 5))?
13
Calculate 2 - (-2 - 3 - (1 + (0 - 2))).
6
What is the value of -15 + 1 + (-11 - (-51 + 25))?
1
Calculate (11 - (20 + -42)) + -14.
19
What is -36 + 3 - (9 - 37 - -15)?
-20
Calculate -6 + (0 + (5 - (2 - 0)) - 10).
-13
Evaluate -16 + (-21 - (-24 - 35)).
22
What is 2 + (2 - (8 - 8) - (-2 - -6))?
0
-120 + 104 - (-5 + 3 + 0 + -4)
-10
Calculate 16 + (0 - 13) + -14.
-11
-14 + 52 + -16 - 10
12
9 + 16 - (20 + -24)
29
Calculate -14 - 1 - (-3 + 0 - -1).
-13
Evaluate (8 - (-24 + 8) - 22) + (-6 - 0).
-4
What is the value of 201 + -206 + (1 - (-2 + 2))?
-4
What is (-1 - -2) + -14 + 10?
-3
18 + -11 + (-1 - 0) + -12
-6
Calculate 8 + 1 - (22 + (-44 - -28)).
3
What is the value of 6 - (-3 - -9 - 3)?
3
What is the value of 15 + -30 + 49 + -29?
5
What is the value of (14 - -3) + (6 - (19 - 1))?
5
Calculate 3 - (-11 + -2 + 5 + 14 - 4).
1
Calculate 7 - (26 + -15 + 3).
-7
What is (-73 - -67) + -3 + -2?
-11
What is -138 - -176 - (2 + 56)?
-20
6 + -6 + 2 + -31 + 52
23
What is the value of -2 + (-10 + 28 - 31)?
-15
What is the value of 29 + 6 + 2 + (7 - 0) + -19?
25
1 - (0 - -1 - 5 - (-75 + 79))
9
What is the value of -106 + 111 - (-3 - (-21 + (-2 - -2)))?
-13
What is the value of -9 + -4 + 16 + (-1 + 21 - 2)?
21
Calculate (-12 - 2) + -54 + 56.
-12
What is the value of 0 + -26 + 18 + -23?
-31
What is the value of 23 + (-4 - -1 - -10 - (-7 + 9))?
28
What is (-7 - (-28 + 15 + 0)) + (14 - 3)?
17
Calculate -12 - (-14 + 26) - -8 - -31.
15
Evaluate 1 + 2 + -6 + -8 + (-3 - -7).
-7
What is (2 + (5 - (-4 + 5)) - -4) + 0?
10
Calculate -7 + -3 - -15 - 11.
-6
Calculate 15 + -3 + -10 + 12.
14
Calculate 24 + -41 + -5 - -41.
19
-1 + (-11 - -3) - (3 + 1)
-13
What is the value of (19 - 8) + (-5 - 8)?
-2
Evaluate 11 + (47 - 59 - (-37 + (-1 - -3))).
34
Evaluate 10 + -6 + -11 + (-3 - -20).
10
What is (2 - (8 - -1)) + 1 - -2?
-4
Calculate (6 - (-3 + -4 - -15)) + 1 + 12.
11
What is (0 - 1) + 18 + 53 + 36 + -84?
22
What is -21 + 12 - -20 - -14?
25
-4 + (-3 + 20 - 40)
-27
What is the value of (9 - (6 - -2 - 8)) + 0?
9
What is the value of -1 - (5 - 28 - -18)?
4
What is the value of (0 - (4 - -8)) + 7 - (-13 + 5)?
3
(5 + -14 - 4) + 2 + 3 + 0
-8
-11439 + 11424 + (38 - 1 - 0)
22
What is the value of ((17 - 29) + 19 - 14) + -15?
-22
What is 21 + (4 - (10 + -17 - -15))?
17
4 + 1 + (-10 - -14) + -18
-9
What is 0 + -3 + -24 + (-22 - -4) + 18?
-27
Calculate (11 - (36 - 2) - -12) + -10.
-21
Evaluate (-3 - 4 - (-24 + 3 + -4)) + -4.
14
What is the value of 6 - ((9 - 14) + (-15 - -10))?
16
What is (3 + -24 - -10) + (-6 - -5 - -4)?
-8
What is 9 - (19 + -8 - 13)?
11
What is 1 - (-18 + -12 + 2)?
29
-2 - 1 - (-3 + 16 + -8) - -22
14
Calculate -19 + 2 + -1 + 15.
-3
Evaluate -7 + (7 + -4 - 1) + 3.
-2
What is the value of -1 - -15 - (14 - (-35 + 8))?
-27
Evaluate 9 + (-27 - -34) + -31.
-15
Evaluate 5 + -13 + -18 - -11.
-15
What is the value of (-8 - (5 - -4)) + 11 - (3 + -3)?
-6
What is the value of -17 + 11 + -1 - -23?
16
Calculate 58 + -48 + (15 - (3 - 3 - -2)).
23
Calculate -569 - -585 - (1 + -2).
17
Calculate (-2 - (-3 + 5)) + 0 + 0 + 16.
12
Calculate (-13 - (-28 - -12)) + -7.
-4
What is the value of 3 - 1 - -6 - 16 - -5?
-3
Calculate 8 + 7 + (-18 - 2 - -8).
3
-1 + (-11 - (-12 + 0)) + 34
34
-3 + -10 + -3 + 13
-3
What is the value of -16 + 56 - (4 - (-1 - 3 - 4))?
28
What is the value of 77 + -52 + -22 + 5?
8
Evaluate 0 + -6 - (-29 + 28 - 13).
8
What is 10 + (-8 - -7) - 14?
-5
-11 + (54 - 19) + -18 + 3
9
Evaluate 87 - 82 - (-7 - 12).
24
What is the value of 2 + 2 + (44 - 37) + (-1 - -8)?
18
Evaluate (12 - 0) + 1 + 2 + -48 + 8.